dred thousands digit of 141442?
1
What is the hundreds digit of 170558?
5
What is the millions digit of 7254782?
7
What is the hundreds digit of 23084085?
0
What is the tens digit of 22428288?
8
What is the millions digit of 1171915?
1
What is the millions digit of 1385730?
1
What is the tens digit of 218698?
9
What is the hundreds digit of 1492181?
1
What is the units digit of 80935?
5
What is the units digit of 50861?
1
What is the units digit of 6108253?
3
What is the units digit of 1375814?
4
What is the ten thousands digit of 1112125?
1
What is the units digit of 308843?
3
What is the ten thousands digit of 111519?
1
What is the millions digit of 21590511?
1
What is the units digit of 964259?
9
What is the hundred thousands digit of 150653?
1
What is the hundreds digit of 4956028?
0
What is the tens digit of 32451?
5
What is the thousands digit of 1130?
1
What is the ten thousands digit of 1639709?
3
What is the ten thousands digit of 186372?
8
What is the hundreds digit of 296479?
4
What is the tens digit of 685898?
9
What is the units digit of 2384478?
8
What is the millions digit of 1814326?
1
What is the tens digit of 202724?
2
What is the thousands digit of 270354?
0
What is the units digit of 810797?
7
What is the thousands digit of 807217?
7
What is the tens digit of 6723286?
8
What is the hundreds digit of 1036174?
1
What is the units digit of 855810?
0
What is the hundreds digit of 2413878?
8
What is the tens digit of 181108?
0
What is the ten thousands digit of 16967656?
6
What is the units digit of 7867735?
5
What is the hundred thousands digit of 133917?
1
What is the units digit of 6900632?
2
What is the tens digit of 126826?
2
What is the thousands digit of 119924?
9
What is the hundred thousands digit of 507975?
5
What is the millions digit of 1779238?
1
What is the ten thousands digit of 254268?
5
What is the thousands digit of 12851315?
1
What is the thousands digit of 18201777?
1
What is the ten thousands digit of 1797404?
9
What is the millions digit of 1698445?
1
What is the hundred thousands digit of 11683398?
6
What is the hundreds digit of 460482?
4
What is the thousands digit of 309692?
9
What is the hundreds digit of 31924?
9
What is the units digit of 24064654?
4
What is the units digit of 2643808?
8
What is the ten thousands digit of 650781?
5
What is the units digit of 1534554?
4
What is the ten thousands digit of 7371419?
7
What is the hundreds digit of 366785?
7
What is the hundred thousands digit of 21032426?
0
What is the hundred thousands digit of 223760?
2
What is the units digit of 479215?
5
What is the ten thousands digit of 26697599?
9
What is the units digit of 8230805?
5
What is the units digit of 390967?
7
What is the millions digit of 2205750?
2
What is the hundreds digit of 524910?
9
What is the tens digit of 2071913?
1
What is the hundred thousands digit of 509447?
5
What is the hundreds digit of 149756?
7
What is the ten thousands digit of 740540?
4
What is the hundred thousands digit of 1350616?
3
What is the units digit of 12513?
3
What is the tens digit of 115644?
4
What is the thousands digit of 735588?
5
What is the tens digit of 13750271?
7
What is the millions digit of 1123393?
1
What is the units digit of 37792676?
6
What is the tens digit of 1836320?
2
What is the units digit of 839950?
0
What is the hundreds digit of 3167996?
9
What is the thousands digit of 274361?
4
What is the ten thousands digit of 2797919?
9
What is the tens digit of 4709417?
1
What is the hundred thousands digit of 3070672?
0
What is the hundreds digit of 863081?
0
What is the thousands digit of 622668?
2
What is the thousands digit of 7465?
7
What is the thousands digit of 740017?
0
What is the hundred thousands digit of 3233914?
2
What is the units digit of 4267254?
4
What is the units digit of 204967?
7
What is the hundred thousands digit of 1551502?
5
What is the tens digit of 971787?
8
What is the ten thousands digit of 180382?
8
What is the tens digit of 585868?
6
What is the units digit of 1131318?
8
What is the thousands digit of 1691301?
1
What is the hundred thousands digit of 17513494?
5
What is the millions digit of 2636597?
2
What is the ten thousands digit of 172079?
7
What is the ten millions digit of 12486612?
1
What is the hundred thousands digit of 20490282?
4
What is the millions digit of 3976329?
3
What is the thousands digit of 105680?
5
What is the hundred thousands digit of 28663452?
6
What is the ten millions digit of 15555784?
1
What is the thousands digit of 2332587?
2
What is the tens digit of 1170499?
9
What is the ten millions digit of 28915203?
2
What is the thousands digit of 388619?
8
What is the thousands digit of 328767?
8
What is the ten thousands digit of 393140?
9
What is the ten thousands digit of 309944?
0
What is the thousands digit of 2915990?
5
What is the tens digit of 1150146?
4
What is the millions digit of 16416750?
6
What is the thousands digit of 436853?
6
What is the millions digit of 19528976?
9
What is the ten thousands digit of 10197123?
9
What is the thousands digit of 96328?
6
What is the units digit of 95471?
1
What is the hundreds digit of 12612738?
7
What is the hundred thousands digit of 1709291?
7
What is the hundred thousands digit of 199543?
1
What is the hundred thousands digit of 7981926?
9
What is the hundred thousands digit of 4127073?
1
What is the units digit of 2278308?
8
What is the ten thousands digit of 692633?
9
What is the thousands digit of 1165990?
5
What is the millions digit of 3301379?
3
What is the ten thousands digit of 8983840?
8
What is the tens digit of 3209?
0
What is the ten thousands digit of 412154?
1
What is the hundreds digit of 686728?
7
What is the millions digit of 31621220?
1
What is the tens digit of 277750?
5
What is the millions digit of 27220298?
7
What is the units digit of 1371468?
8
What is the ten thousands digit of 40527?
4
What is the units digit of 4852043?
3
What is the hundred thousands digit of 955722?
9
What is the units digit of 6633955?
5
What is the tens digit of 862706?
0
What is the hundreds digit of 41371?
3
What is the tens digit of 5611416?
1
What is the ten thousands digit of 3948817?
4
What is the ten thousands digit of 9468822?
6
What is the tens digit of 128442?
4
What is the ten thousands digit of 44025?
4
What is the thousands digit of 354379?
4
What is the hundreds digit of 1323118?
1
What is the hundred thousands digit of 160597?
1
What is the hundred thousands digit of 959810?
9
What is the ten thousands digit of 644193?
4
What is the millions digit of 1144142?
1
What is the thousands digit of 337155?
7
What is the ten thousands digit of 1220906?
2
What is the hundred thousands digit of 205955?
2
What is the hundred thousands digit of 11249395?
2
What is the units digit of 10233147?
7
What is the millions digit of 7458075?
7
What is the tens digit of 192361?
6
What is the units digit of 233763?
3
What is the tens digit of 291326?
2
What is the tens digit of 217088?
8
What is the hundreds digit of 360412?
4
What is the units digit of 463592?
2
What is the hundred thousands digit of 497297?
4
What is the ten thousands digit of 2315725?
1
What is the millions digit of 13615804?
3
What is the units digit of 2603360?
0
What is the hundreds digit of 1806043?
0
What is the millions digit of 2091276?
2
What is the thousands digit of 532537?
2
What is the units digit of 1187269?
9
What is the tens digit of 12483698?
9
What is the thousands digit of 2937758?
7
What is the ten thousands digit of 153325?
5
What is the hundreds digit of 852152?
1
What is the ten thousands digit of 4107388?
0
What is the ten thousands digit of 15028211?
2
What is the units digit of 4981325?
5
What is the hundred thousands digit of 704195?
7
What is the hundred thousands digit of 13436239?
4
What is the millions digit of 3658820?
3
What is the thousands digit of 225743?
5
What is the thousands digit of 717572?
7
What is the ten thousands digit of 2338492?
3
What is the millions digit of 11289832?
1
What is the hundreds digit of 395254?
2
What is the hundreds digit of 2248287?
2
What is the hundreds digit of 17445391?
3
What is the hundreds digit of 347594?
5
What is the units digit of 3397104?
4
What is the millions 